{"id":1052,"date":"2022-03-31T06:13:25","date_gmt":"2022-03-31T06:13:25","guid":{"rendered":"https:\/\/wordpressriverthemes.com\/aveitelementor\/?page_id=1052"},"modified":"2023-11-20T15:27:24","modified_gmt":"2023-11-20T14:27:24","slug":"politica-privacidad","status":"publish","type":"page","link":"https:\/\/ahorraconayuda.com\/?page_id=1052","title":{"rendered":"Politica de Privacidad"},"content":{"rendered":"\t\t<div data-elementor-type=\"wp-page\" data-elementor-id=\"1052\" class=\"elementor elementor-1052\">\n\t\t\t\t\t\t<section class=\"elementor-section elementor-top-section elementor-element elementor-element-8de0fb4 elementor-section-full_width elementor-section-height-default elementor-section-height-default\" data-id=\"8de0fb4\" data-element_type=\"section\">\n\t\t\t\t\t\t<div class=\"elementor-container elementor-column-gap-no\">\n\t\t\t\t\t<div class=\"elementor-column elementor-col-100 elementor-top-column elementor-element elementor-element-70eea09\" data-id=\"70eea09\" data-element_type=\"column\">\n\t\t\t<div class=\"elementor-widget-wrap elementor-element-populated\">\n\t\t\t\t\t\t<div class=\"elementor-element elementor-element-89465f8 elementor-widget elementor-widget-text-editor\" data-id=\"89465f8\" data-element_type=\"widget\" data-widget_type=\"text-editor.default\">\n\t\t\t\t<div class=\"elementor-widget-container\">\n\t\t\t<style>\/*! elementor - v3.19.0 - 05-02-2024 *\/\n.elementor-widget-text-editor.elementor-drop-cap-view-stacked .elementor-drop-cap{background-color:#69727d;color:#fff}.elementor-widget-text-editor.elementor-drop-cap-view-framed .elementor-drop-cap{color:#69727d;border:3px solid;background-color:transparent}.elementor-widget-text-editor:not(.elementor-drop-cap-view-default) .elementor-drop-cap{margin-top:8px}.elementor-widget-text-editor:not(.elementor-drop-cap-view-default) .elementor-drop-cap-letter{width:1em;height:1em}.elementor-widget-text-editor .elementor-drop-cap{float:left;text-align:center;line-height:1;font-size:50px}.elementor-widget-text-editor .elementor-drop-cap-letter{display:inline-block}<\/style>\t\t\t\t<h1>POL\u00cdTICA DE PRIVACIDAD<\/h1><h1>AVISO LEGAL<\/h1><p>En cumplimiento con el deber de informaci\u00f3n recogido en art\u00edculo 10 de la Ley 34\/2002, de 11 de julio, de Servicios de la Sociedad de la Informaci\u00f3n y del Comercio Electr\u00f3nico (LSSICE), el propietario de la web y <strong>responsable del tratamiento <\/strong>de sus datos, le informa lo siguiente:<\/p><ul><li><em>Denominaci\u00f3n social: <strong>Consultor\u00eda Integral de Energ\u00eda Ecol\u00f3gica S.L.<\/strong><\/em><\/li><li><em>NIF: B01855550<\/em><\/li><li><em>Domicilio: C\/ Gladiolo 2- Local, 29651 \u2013 Mijas (M\u00e1laga)<\/em><\/li><\/ul><ul><li><em>Inscrita en el Registro Mercantil de M\u00e1laga al Tomo 5965, folio 160, secci\u00f3n 8, hoja n\u00famero M-156962, inscripci\u00f3n 1<\/em><\/li><li><em>Delegado en Protecci\u00f3n de Datos: <\/em><a href=\"mailto:dpo@fuxiona.es\"><em>dpo@fuxiona.es<\/em><\/a><em> Para comunicar con el Delegado de Protecci\u00f3n de Datos es posible remitir un correo a la direcci\u00f3n indicada<\/em>.<\/li><\/ul><p>Con los l\u00edmites establecidos en la ley, <strong>Consultor\u00eda Integral de Energ\u00eda Ecol\u00f3gica S.L<\/strong>. no asume ninguna responsabilidad derivada de la falta de veracidad, integridad, actualizaci\u00f3n y precisi\u00f3n de los datos o informaciones que contienen sus p\u00e1ginas web.<\/p><p>Los contenidos e informaci\u00f3n no vinculan a <strong>Consultor\u00eda Integral de Energ\u00eda Ecol\u00f3gica S.L<\/strong>. ni constituyen opiniones, consejos o asesoramiento legal de ning\u00fan tipo pues se trata meramente de un servicio ofrecido con car\u00e1cter informativo y divulgativo.<\/p><p>Las p\u00e1ginas de Internet de <strong>Consultor\u00eda Integral de Energ\u00eda Ecol\u00f3gica S.L<\/strong>. pueden contener enlaces (links) a otras p\u00e1ginas de terceras partes que <strong>Consultor\u00eda Integral de Energ\u00eda Ecol\u00f3gica S.L<\/strong>. no puede controlar. Por lo tanto, <strong>Consultor\u00eda Integral de Energ\u00eda Ecol\u00f3gica S.L<\/strong>. no puede asumir responsabilidades por el contenido que pueda aparecer en p\u00e1ginas de terceros.<\/p><p>Los textos, im\u00e1genes, sonidos, animaciones, software y el resto de contenidos incluidos en este website son propiedad exclusiva de <strong>Consultor\u00eda Integral de Energ\u00eda Ecol\u00f3gica S.L<\/strong>. o sus licenciantes. Cualquier acto de transmisi\u00f3n, distribuci\u00f3n, cesi\u00f3n, reproducci\u00f3n, almacenamiento o comunicaci\u00f3n p\u00fablica total o parcial, deber\u00e1 contar con el consentimiento expreso de <strong>Consultor\u00eda Integral de Energ\u00eda Ecol\u00f3gica S.L<\/strong>.<\/p><p>Asimismo, para acceder a algunos de los servicios que <strong>Consultor\u00eda Integral de Energ\u00eda Ecol\u00f3gica S.L<\/strong>. ofrece a trav\u00e9s del sitio web, deber\u00e1 proporcionar algunos datos de car\u00e1cter personal. En cumplimiento de lo establecido en el Reglamento (UE) 2016\/679 del Parlamento Europeo y del Consejo, de 27 de abril de 2016, relativo a la protecci\u00f3n de las personas f\u00edsicas en lo que respecta al tratamiento de datos personales y a la libre circulaci\u00f3n de estos datos le informamos que, mediante la cumplimentaci\u00f3n de los presentes formularios, sus datos personales quedar\u00e1n incorporados y ser\u00e1n tratados en los ficheros de <strong>Consultor\u00eda Integral de Energ\u00eda Ecol\u00f3gica S.L<\/strong>. con el fin de poderle prestar y ofrecer nuestros servicios as\u00ed como para informarle de las mejoras del sitio Web.<\/p><p>Le informamos tambi\u00e9n de que tendr\u00e1 la posibilidad en todo momento de ejercer los derechos ARCO-POL: de acceso, rectificaci\u00f3n, cancelaci\u00f3n, oposici\u00f3n, limitaci\u00f3n y portabilidad de sus datos de car\u00e1cter personal, de manera gratuita mediante email a: <a href=\"mailto:dpo@fuxiona.es\">dpo@fuxiona.es<\/a> \u00a0o en la direcci\u00f3n: C\/ Gladiolo 2- Local, 29651 \u2013 Mijas (M\u00e1laga).<\/p><p>Protecci\u00f3n de datos de car\u00e1cter personal seg\u00fan el RGPD<\/p><p><strong>Consultor\u00eda Integral de Energ\u00eda Ecol\u00f3gica S.L<\/strong>., en aplicaci\u00f3n de la normativa vigente en materia de\u00a0protecci\u00f3n de datos\u00a0de car\u00e1cter personal, informa que los datos personales que se recogen a trav\u00e9s de los formularios del Sitio web: https:\/\/ahorraconayuda.com\/, se incluyen en los ficheros automatizados espec\u00edficos de usuarios de los servicios de <strong>Consultor\u00eda Integral de Energ\u00eda Ecol\u00f3gica S.L<\/strong>.<\/p><p>La recogida y tratamiento automatizado de los datos de car\u00e1cter personal tiene como finalidad el mantenimiento de la relaci\u00f3n comercial y el desempe\u00f1o de tareas de informaci\u00f3n, formaci\u00f3n, asesoramiento y otras actividades propias de <strong>Consultor\u00eda Integral de Energ\u00eda Ecol\u00f3gica S.L<\/strong>.<\/p><p>Estos datos \u00fanicamente ser\u00e1n cedidos a aquellas entidades que sean necesarias con el \u00fanico objetivo de dar cumplimiento a la finalidad anteriormente expuesta.<\/p><p><strong>Consultor\u00eda Integral de Energ\u00eda Ecol\u00f3gica S.L<\/strong>. adopta las medidas necesarias para garantizar la seguridad, integridad y confidencialidad de los datos conforme a lo dispuesto en el Reglamento (UE) 2016\/679 del Parlamento Europeo y del Consejo, de 27 de abril de 2016, relativo a la protecci\u00f3n de las personas f\u00edsicas en lo que respecta al tratamiento de datos personales y a la libre circulaci\u00f3n de los mismos, y derogando la antigua LOPD, la nueva Ley Org\u00e1nica 3\/2018, de 5 diciembre, de Protecci\u00f3n de Datos y Garant\u00eda de los Derechos Digitales (LOPDGDD).<\/p><p><strong>\u00bfD\u00f3nde puedo ejercer mis derechos ARCO-POL?<\/strong><\/p><p>El usuario podr\u00e1 en cualquier momento ejercitar los derechos ARCO-POL: de acceso, oposici\u00f3n, rectificaci\u00f3n, cancelaci\u00f3n, limitaci\u00f3n y portabilidad reconocidos en el citado Reglamento (UE). El ejercicio de estos derechos puede realizarlo el propio usuario a trav\u00e9s de email a: <a href=\"mailto:dpo@fuxiona.es\">dpo@fuxiona.es<\/a> \u00a0o en la direcci\u00f3n: C\/ Gladiolo 2- Local, C.P. 29651 \u2013 Mijas (M\u00e1laga).<\/p><p>El usuario manifiesta que todos los datos facilitados por \u00e9l son ciertos y correctos, y se compromete a mantenerlos actualizados, comunicando los cambios a <strong>Consultor\u00eda Integral de Energ\u00eda Ecol\u00f3gica S.L<\/strong>.<\/p><p><strong>Finalidad del tratamiento de los datos personales:<\/strong><\/p><p><strong>\u00bfCon qu\u00e9 finalidad trataremos tus datos personales?<\/strong><\/p><p>En <strong>Consultor\u00eda Integral de Energ\u00eda Ecol\u00f3gica S.L<\/strong>., trataremos tus datos personales recabados a trav\u00e9s del Sitio Web: https:\/\/ahorraconayuda.com\/, con las siguientes finalidades:<\/p><ol><li>Dar cumplimiento de las obligaciones, comerciales, laborales, corporativas y contables de la empresa.<\/li><li>Prestar sus servicios de acuerdo con las necesidades particulares de los clientes, con el fin de cumplir los contratos suscritos por la misma.<\/li><li>Env\u00edo de informaci\u00f3n comercial y boletines sobre nuevos servicios ofrecidos en la web y del sector.<\/li><li>Enviar informaci\u00f3n promocional v\u00eda electr\u00f3nica.<\/li><li>Facilitar la informaci\u00f3n solicitada por el usuario a trav\u00e9s del formulario de contacto.<\/li><\/ol><p>Te recordamos que puedes oponerte al env\u00edo de comunicaciones comerciales por cualquier v\u00eda y en cualquier momento, remitiendo un correo electr\u00f3nico a la direcci\u00f3n anteriormente indicada.<\/p><p>Los campos de dichos registros son de cumplimentaci\u00f3n obligatoria, siendo imposible realizar las finalidades expresadas si no se aportan esos datos.<\/p><p><strong>\u00bfPor cu\u00e1nto tiempo se conservan los datos personales recabados?<\/strong><\/p><p>Los datos personales proporcionados se conservar\u00e1n mientras se mantenga la relaci\u00f3n comercial o no solicites su supresi\u00f3n y durante el plazo por el cu\u00e1l pudieran derivarse responsabilidades legales por los servicios prestados.<\/p><p>Legitimaci\u00f3n:<\/p><p>El tratamiento de tus datos se realiza con las siguientes bases jur\u00eddicas que legitiman el mismo:<\/p><ol><li>La solicitud de informaci\u00f3n y\/o la contrataci\u00f3n de los servicios de <strong>Consultor\u00eda Integral de Energ\u00eda Ecol\u00f3gica S.L<\/strong>., cuyos t\u00e9rminos y condiciones se pondr\u00e1n a tu disposici\u00f3n en todo caso, de forma previa a una eventual contrataci\u00f3n.<\/li><li>El consentimiento libre, espec\u00edfico, informado e inequ\u00edvoco, en tanto que te informamos poniendo a tu disposici\u00f3n la presente pol\u00edtica de privacidad, que, tras la lectura de la misma, en caso de estar conforme, puedes aceptar mediante una declaraci\u00f3n o una clara acci\u00f3n afirmativa, como el marcado de una casilla dispuesta al efecto.<\/li><\/ol><p>En caso de que no nos facilites tus datos o lo hagas de forma err\u00f3nea o incompleta, no podremos atender tu solicitud, resultando del todo imposible proporcionarte la informaci\u00f3n solicitada o llevar a cabo la contrataci\u00f3n de los servicios.<\/p><p>Destinatarios de los datos:<\/p><p>Los datos no se comunicar\u00e1n a ning\u00fan tercero ajeno a <strong>Consultor\u00eda Integral de Energ\u00eda Ecol\u00f3gica S.L<\/strong>., salvo obligaci\u00f3n legal o proveedores de servicio relacionados con la relaci\u00f3n contractual.<\/p><p>Entre ellos podr\u00edan cederse a:<\/p><p>Autoridades y organismos competentes, juzgados, tribunales o cualesquiera otros terceros legitimados conforme a la normativa aplicable.<\/p><p>Terceros titulares de ficheros comunes de cumplimiento de obligaciones dinerarias, cuando el cliente incurra en un impago, y concurran los requisitos legitimadores establecidos en el art\u00edculo 20 de la LOPDGDD.<\/p><p>Terceros titulares de servicios o productos que el usuario voluntariamente solicite.\u00a0<\/p><p>Datos recopilados por usuarios de los servicios<\/p><p>En los casos en que el usuario incluya ficheros con datos de car\u00e1cter personal en los servidores de alojamiento compartido, <strong>Consultor\u00eda Integral de Energ\u00eda Ecol\u00f3gica S.L<\/strong>. no se hace responsable del incumplimiento por parte del usuario del RGPD.<\/p><p>Derechos propiedad intelectual https:\/\/ahorraconayuda.com\/<\/p><p><strong>Consultor\u00eda Integral de Energ\u00eda Ecol\u00f3gica S.L<\/strong>. es titular de todos los derechos de autor, propiedad intelectual, industrial, \u00abknow how\u00bb y cuantos otros derechos guardan relaci\u00f3n con los contenidos del sitio web https:\/\/ahorraconayuda.com\/ y los servicios ofertados en el mismo, as\u00ed como de los programas necesarios para su implementaci\u00f3n y la informaci\u00f3n relacionada.<\/p><p>No se permite la reproducci\u00f3n, publicaci\u00f3n y\/o uso no estrictamente privado de los contenidos, totales o parciales, del sitio web https:\/\/ahorraconayuda.com\/ sin el consentimiento previo y por escrito.<\/p><p>Propiedad intelectual del software<\/p><p>El usuario debe respetar los programas de terceros puestos a su disposici\u00f3n por <strong>Consultor\u00eda Integral de Energ\u00eda Ecol\u00f3gica S.L<\/strong>., aun siendo gratuitos y\/o de disposici\u00f3n p\u00fablica.<\/p><p><strong>Consultor\u00eda Integral de Energ\u00eda Ecol\u00f3gica S.L<\/strong>. dispone de los derechos de explotaci\u00f3n y propiedad intelectual necesarios del software.<\/p><p>El usuario no adquiere derecho alguno o licencia por el servicio contratado, sobre el software necesario para la prestaci\u00f3n del servicio, ni tampoco sobre la informaci\u00f3n t\u00e9cnica de seguimiento del servicio, excepci\u00f3n hecha de los derechos y licencias necesarios para el cumplimiento de los servicios contratados y \u00fanicamente durante la duraci\u00f3n de los mismos.<\/p><p>Para toda actuaci\u00f3n que exceda del cumplimiento del contrato, el usuario necesitar\u00e1 autorizaci\u00f3n por escrito por parte de <strong>Consultor\u00eda Integral de Energ\u00eda Ecol\u00f3gica S.L<\/strong>., quedando prohibido al usuario acceder, modificar, visualizar la configuraci\u00f3n, estructura y ficheros de los servidores propiedad de <strong>Consultor\u00eda Integral de Energ\u00eda Ecol\u00f3gica S.L<\/strong>., asumiendo la responsabilidad civil y penal derivada de cualquier incidencia que se pudiera producir en los servidores y sistemas de seguridad como consecuencia directa de una actuaci\u00f3n negligente o maliciosa por su parte.<\/p><p>\u00a0<\/p><p>Propiedad intelectual de los contenidos alojados<\/p><p>Se proh\u00edbe el uso contrario a la legislaci\u00f3n sobre propiedad intelectual de los servicios prestados por <strong>Consultor\u00eda Integral de Energ\u00eda Ecol\u00f3gica S.L<\/strong>. y, en particular de:<\/p><ol><li>La utilizaci\u00f3n que resulte contraria a las leyes espa\u00f1olas o que infrinja los derechos de terceros.<\/li><li>La publicaci\u00f3n o la transmisi\u00f3n de cualquier contenido que, a juicio de <strong>Consultor\u00eda Integral de Energ\u00eda Ecol\u00f3gica S.L<\/strong>., resulte violento, obsceno, abusivo, ilegal, racial, xen\u00f3fobo o difamatorio.<\/li><li>Los cracks, n\u00fameros de serie de programas o cualquier otro contenido que vulnere derechos de la propiedad intelectual de terceros.<\/li><li>La recogida y\/o utilizaci\u00f3n de datos personales de otros usuarios sin su consentimiento expreso o contraviniendo lo dispuesto en el Reglamento (UE) 2016\/679 del Parlamento Europeo y del Consejo, de 27 de abril de 2016, relativo a la protecci\u00f3n de las personas f\u00edsicas en lo que respecta al tratamiento de datos personales y a la libre circulaci\u00f3n de estos.<\/li><li>La utilizaci\u00f3n del servidor de correo del dominio y de las direcciones de correo electr\u00f3nico para el env\u00edo de correo masivo no deseado.<\/li><\/ol><p>El usuario tiene toda la responsabilidad sobre el contenido de su web, la informaci\u00f3n transmitida y almacenada, los enlaces de hipertexto, las reivindicaciones de terceros y las acciones legales en referencia a propiedad intelectual, derechos de terceros y protecci\u00f3n de menores.<\/p><p>El usuario es responsable respecto a las leyes y reglamentos en vigor y las reglas que tienen que ver con el funcionamiento del servicio online, comercio electr\u00f3nico, derechos de autor, mantenimiento del orden p\u00fablico, as\u00ed como principios universales de uso de Internet.<\/p><p>El usuario indemnizar\u00e1 a <strong>Consultor\u00eda Integral de Energ\u00eda Ecol\u00f3gica S.L<\/strong>. por los gastos que generar\u00e1 la imputaci\u00f3n de <strong>Consultor\u00eda Integral de Energ\u00eda Ecol\u00f3gica S.L<\/strong>. en alguna causa cuya responsabilidad fuera atribuible al usuario, incluidos honorarios y gastos de defensa jur\u00eddica, incluso en el caso de una decisi\u00f3n judicial no definitiva.<\/p><p>Protecci\u00f3n de la informaci\u00f3n alojada<\/p><p><strong>Consultor\u00eda Integral de Energ\u00eda Ecol\u00f3gica S.L<\/strong>. realiza copias de seguridad de los contenidos alojados en sus servidores, sin embargo, no se responsabiliza de la p\u00e9rdida o el borrado accidental de los datos por parte de los usuarios. De igual manera, no garantiza la reposici\u00f3n total de los datos borrados por los usuarios, ya que los citados datos podr\u00edan haber sido suprimidos y\/o modificados durante el periodo del tiempo transcurrido desde la \u00faltima copia de seguridad.<\/p><p>Los servicios ofertados, excepto los servicios espec\u00edficos de backup, no incluyen la reposici\u00f3n de los contenidos conservados en las copias de seguridad realizadas por <strong>Consultor\u00eda Integral de Energ\u00eda Ecol\u00f3gica S.L<\/strong>., cuando esta p\u00e9rdida sea imputable al usuario; en este caso, se determinar\u00e1 una tarifa acorde a la complejidad y volumen de la recuperaci\u00f3n, siempre previa aceptaci\u00f3n del usuario.<\/p><p>La reposici\u00f3n de datos borrados s\u00f3lo est\u00e1 incluida en el precio del servicio cuando la p\u00e9rdida del contenido sea debida a causas atribuibles a <strong>Consultor\u00eda Integral de Energ\u00eda Ecol\u00f3gica S.L<\/strong>.<\/p><p>Comunicaciones comerciales<\/p><p>En aplicaci\u00f3n de la LSSI. <strong>Consultor\u00eda Integral de Energ\u00eda Ecol\u00f3gica S.L<\/strong>. no enviar\u00e1 comunicaciones publicitarias o promocionales por correo electr\u00f3nico u otro medio de comunicaci\u00f3n electr\u00f3nica equivalente que previamente no hubieran sido solicitadas o expresamente autorizadas por los destinatarios de las mismas.<\/p><p>En el caso de usuarios con los que exista una relaci\u00f3n contractual previa, <strong>Consultor\u00eda Integral de Energ\u00eda Ecol\u00f3gica S.L<\/strong>. s\u00ed est\u00e1 autorizado al env\u00edo de comunicaciones comerciales referentes a productos o servicios de <strong>Consultor\u00eda Integral de Energ\u00eda Ecol\u00f3gica S.L<\/strong>. que sean similares a los que inicialmente fueron objeto de contrataci\u00f3n con el cliente.<\/p><p>En todo caso, el usuario, tras acreditar su identidad, podr\u00e1 solicitar que no se le haga llegar m\u00e1s informaci\u00f3n comercial a trav\u00e9s de los canales de Atenci\u00f3n al Cliente.<\/p><p>\u00a0<\/p>\t\t\t\t\t\t<\/div>\n\t\t\t\t<\/div>\n\t\t\t\t\t<\/div>\n\t\t<\/div>\n\t\t\t\t\t<\/div>\n\t\t<\/section>\n\t\t\t\t<\/div>\n\t\t","protected":false},"excerpt":{"rendered":"<p>POL\u00cdTICA DE PRIVACIDAD AVISO LEGAL En cumplimiento con el deber de informaci\u00f3n recogido en art\u00edculo 10 de la Ley 34\/2002, de 11 de julio, de Servicios de la Sociedad de la Informaci\u00f3n y del Comercio Electr\u00f3nico (LSSICE), el propietario de la web y responsable del tratamiento de sus datos, le informa lo siguiente: Denominaci\u00f3n social: [&hellip;]<\/p>\n","protected":false},"author":1,"featured_media":1053,"parent":0,"menu_order":0,"comment_status":"closed","ping_status":"closed","template":"page-templates\/itsolution.php","meta":{"inline_featured_image":false,"_monsterinsights_skip_tracking":false,"_monsterinsights_sitenote_active":false,"_monsterinsights_sitenote_note":"","_monsterinsights_sitenote_category":0,"footnotes":""},"class_list":["post-1052","page","type-page","status-publish","has-post-thumbnail","hentry"],"_links":{"self":[{"href":"https:\/\/ahorraconayuda.com\/index.php?rest_route=\/wp\/v2\/pages\/1052","targetHints":{"allow":["GET"]}}],"collection":[{"href":"https:\/\/ahorraconayuda.com\/index.php?rest_route=\/wp\/v2\/pages"}],"about":[{"href":"https:\/\/ahorraconayuda.com\/index.php?rest_route=\/wp\/v2\/types\/page"}],"author":[{"embeddable":true,"href":"https:\/\/ahorraconayuda.com\/index.php?rest_route=\/wp\/v2\/users\/1"}],"replies":[{"embeddable":true,"href":"https:\/\/ahorraconayuda.com\/index.php?rest_route=%2Fwp%2Fv2%2Fcomments&post=1052"}],"version-history":[{"count":37,"href":"https:\/\/ahorraconayuda.com\/index.php?rest_route=\/wp\/v2\/pages\/1052\/revisions"}],"predecessor-version":[{"id":2524,"href":"https:\/\/ahorraconayuda.com\/index.php?rest_route=\/wp\/v2\/pages\/1052\/revisions\/2524"}],"wp:featuredmedia":[{"embeddable":true,"href":"https:\/\/ahorraconayuda.com\/index.php?rest_route=\/wp\/v2\/media\/1053"}],"wp:attachment":[{"href":"https:\/\/ahorraconayuda.com\/index.php?rest_route=%2Fwp%2Fv2%2Fmedia&parent=1052"}],"curies":[{"name":"wp","href":"https:\/\/api.w.org\/{rel}","templated":true}]}}